{"id":889,"date":"2024-03-26T15:44:04","date_gmt":"2024-03-26T14:44:04","guid":{"rendered":"http:\/\/barbeitoabogados.com\/profesional\/maria-jose-valverde\/"},"modified":"2024-04-29T11:11:41","modified_gmt":"2024-04-29T09:11:41","slug":"maria-jose-valverde","status":"publish","type":"profesional","link":"https:\/\/barbeitoabogados.com\/pl\/profesjonalny\/maria-jose-valverde\/","title":{"rendered":"Maria Jos\u00e9 Valverde"},"content":{"rendered":"\n<p>Pani Mar\u00eda Jos\u00e9 Valverde Mart\u00ednez jest do\u015bwiadczonym adwokatem z presti\u017cowej Izby Adwokackiej Murcia, od 1996 roku. Specjalizuje si\u0119 w prawie rodzinnym, ochronie nieletnich oraz prawie upad\u0142o\u015bciowym\/komercyjnym. Jest r\u00f3wnie\u017c uznana za ekspertk\u0119 w zakresie prawa prywatnego mi\u0119dzynarodowego oraz prawa Unii Europejskiej.<\/p>\n\n\n\n<ul class=\"wp-block-list\">\n<li>J\u0119zyki: Hiszpa\u0144ski i Angielski<\/li>\n\n\n\n<li>Tytu\u0142 licencjata z prawa i magistra doradztwa prawnego dla firm &#8211; ENAE Business School<\/li>\n\n\n\n<li>Od 2008 roku pe\u0142ni funkcj\u0119 zarz\u0105dcy upad\u0142o\u015bciowego w licznych post\u0119powaniach upad\u0142o\u015bciowych w S\u0105dach Handlowych Murcia i Alicante.<\/li>\n\n\n\n<li>Nagroda narodowa za artyku\u0142y prawne \u201eJos\u00e9 Corrales\u201d, 26. edycja (marzec 2022), przyznana przez Hiszpa\u0144skie Stowarzyszenie Prawnik\u00f3w Rodzinnych (AEAFA) za prac\u0119 \u201eUmowy przedma\u0142\u017ce\u0144skie: Pomi\u0119dzy Kodeksem Cywilnym a S\u0105dem Najwy\u017cszym\u201d. Opublikowane w czasopi\u015bmie AEAFA Family Lawyers Journal, wydanie 113, marzec 2022.<\/li>\n\n\n\n<li>Autorka artyku\u0142\u00f3w doktrynalnych opublikowanych w czasopi\u015bmie &#8222;Cuadernos de Derecho transnacional&#8221;, wiod\u0105cym czasopi\u015bmie prawniczym w Hiszpanii w dziedzinie prawa prywatnego mi\u0119dzynarodowego:\n<ul class=\"wp-block-list\">\n<li>&#8222;Okre\u015blanie wieku obywatela zagranicznego i paszport&#8221;<\/li>\n\n\n\n<li>&#8222;Wyrok rozwodowy w Maroku, uznawanie i rzecz os\u0105dzona. Komentarz do postanowienia S\u0105du Prowincjonalnego w Barcelonie z 1 lipca 2020 roku.&#8221;<\/li>\n\n\n\n<li>&#8222;Krytyczne i praktyczne refleksje na temat ram prawnych zmiany adresu nieletnich krajowo i transgranicznie&#8221;<\/li>\n\n\n\n<li>&#8222;Kompetencje w zmianach dokonywanych przez hiszpa\u0144skie s\u0105dy w zakresie \u015brodk\u00f3w dotycz\u0105cych aliment\u00f3w ustalonych przez s\u0105dy zagraniczne. Komentarz do postanowienia S\u0105du Najwy\u017cszego Hiszpanii z 17 wrze\u015bnia 2019 roku.&#8221;<\/li>\n\n\n\n<li>&#8222;Poligamia w Maroku i renta wdowia w Hiszpanii. S\u0105d Najwy\u017cszy i z\u0142agodzony porz\u0105dek publiczny mi\u0119dzynarodowy.&#8221;<\/li>\n<\/ul>\n<\/li>\n\n\n\n<li>Autorka artyku\u0142u doktrynalnego \u201eSprawa 'Green Card&#8217;. Uznanie brytyjskiej rezolucji rodzinnej w Hiszpanii. Mi\u0119dzynarodowe uprowadzenie dzieci: Wielka Brytania, Hiszpania i Stany Zjednoczone Ameryki\u201d, opublikowanego w ksi\u0105\u017cce \u201eOCHRONA NIELETNICH I PRAWO MI\u0118DZYNARODOWE PRYWATNE\u201d.<\/li>\n\n\n\n<li>Prelegentka na XXVI DNIACH PRAWA RODZINNEGO W SEWILLI 2022 AEAFA-ICAS (Sewilla, 6 i 7 pa\u017adziernika 2022). Wyk\u0142ad: \u201eUmowy przedma\u0142\u017ce\u0144skie: Inteligentny spos\u00f3b regulacji ma\u0142\u017ce\u0144stwa i rozwodu w globalnym spo\u0142ecze\u0144stwie XXI wieku\u201d. Organizowane przez Hiszpa\u0144skie Stowarzyszenie Prawnik\u00f3w Rodzinnych (AEAFA) oraz presti\u017cow\u0105 Izb\u0119 Adwokack\u0105 Sewilli.<\/li>\n\n\n\n<li>Wsp\u00f3\u0142pracuj\u0105ca prawniczka AEAFA (Hiszpa\u0144skie Stowarzyszenie Prawnik\u00f3w Rodzinnych).<\/li>\n\n\n\n<li>Cz\u0142onkini Sekcji Prawa Rodzinnego Izby Adwokackiej Murcia.<\/li>\n\n\n\n<li>Cz\u0142onkini Sekcji Prawa Mi\u0119dzynarodowego Izby Adwokackiej Murcia.<\/li>\n\n\n\n<li>Cz\u0142onkini Sekcji Prawa Upad\u0142o\u015bciowego Izby Adwokackiej Murcia. Pierwsza m\u00f3wczyni tej sekcji w okresie 2014-2017.<\/li>\n\n\n\n<li>Zintegrowana z platform\u0105 prawnicz\u0105 HonorLex (<a href=\"http:\/\/honorlex.com\/el-despacho\/\" target=\"_blank\" rel=\"noopener\">http:\/\/honorlex.com\/el-despacho\/<\/a>), specjalizuj\u0105c\u0105 si\u0119 w praktyce prawniczej prawa prywatnego mi\u0119dzynarodowego i prawa Unii Europejskiej, sk\u0142adaj\u0105c\u0105 si\u0119 z profesjonalist\u00f3w, prawnik\u00f3w i ekonomist\u00f3w specjalizuj\u0105cych si\u0119 w tych dziedzinach prawa.<\/li>\n\n\n\n<li>Cz\u0142onkini Grupy Badawczej Prawa ACCURSIO DIP (<a href=\"http:\/\/www.accursio.com\" target=\"_blank\" rel=\"noopener\">www.accursio.com<\/a>), specjalizuj\u0105cej si\u0119 w prawie mi\u0119dzynarodowym prywatnym.<\/li>\n\n\n\n<li>Wsp\u00f3\u0142pracuj\u0105ca prawniczka BSLA (The British Spanish Law Association), stowarzyszenia, kt\u00f3re promuje profesjonalne relacje mi\u0119dzy prawnikami z Wielkiej Brytanii i Hiszpanii, kt\u00f3rzy praktykuj\u0105 prawo w obu jurysdykcjach.<\/li>\n<\/ul>\n","protected":false},"excerpt":{"rendered":"<p>Pani Mar\u00eda Jos\u00e9 Valverde Mart\u00ednez jest do\u015bwiadczonym adwokatem z presti\u017cowej Izby Adwokackiej Murcia, od 1996 roku. Specjalizuje si\u0119 w prawie rodzinnym, ochronie nieletnich oraz prawie upad\u0142o\u015bciowym\/komercyjnym. Jest r\u00f3wnie\u017c uznana za ekspertk\u0119 w zakresie prawa prywatnego mi\u0119dzynarodowego oraz prawa Unii Europejskiej.<\/p>\n","protected":false},"featured_media":685,"template":"","format":"standard","class_list":["post-889","profesional","type-profesional","status-publish","format-standard","has-post-thumbnail","hentry"],"_links":{"self":[{"href":"https:\/\/barbeitoabogados.com\/pl\/wp-json\/wp\/v2\/profesional\/889","targetHints":{"allow":["GET"]}}],"collection":[{"href":"https:\/\/barbeitoabogados.com\/pl\/wp-json\/wp\/v2\/profesional"}],"about":[{"href":"https:\/\/barbeitoabogados.com\/pl\/wp-json\/wp\/v2\/types\/profesional"}],"wp:featuredmedia":[{"embeddable":true,"href":"https:\/\/barbeitoabogados.com\/pl\/wp-json\/wp\/v2\/media\/685"}],"wp:attachment":[{"href":"https:\/\/barbeitoabogados.com\/pl\/wp-json\/wp\/v2\/media?parent=889"}],"curies":[{"name":"wp","href":"https:\/\/api.w.org\/{rel}","templated":true}]}}

Maria José Valverde

<p>Pani María José Valverde Martínez jest doświadczonym adwokatem z prestiżowej Izby Adwokackiej Murcia, od 1996 roku. Specjalizuje się w prawie rodzinnym, ochronie nieletnich oraz prawie upadłościowym/komercyjnym. Jest również uznana za ekspertkę w zakresie prawa prywatnego międzynarodowego oraz prawa Unii Europejskiej.</p>



<ul class="wp-block-list">
<li>Języki: Hiszpański i Angielski</li>



<li>Tytuł licencjata z prawa i magistra doradztwa prawnego dla firm &#8211; ENAE Business School</li>



<li>Od 2008 roku pełni funkcję zarządcy upadłościowego w licznych postępowaniach upadłościowych w Sądach Handlowych Murcia i Alicante.</li>



<li>Nagroda narodowa za artykuły prawne „José Corrales”, 26. edycja (marzec 2022), przyznana przez Hiszpańskie Stowarzyszenie Prawników Rodzinnych (AEAFA) za pracę „Umowy przedmałżeńskie: Pomiędzy Kodeksem Cywilnym a Sądem Najwyższym”. Opublikowane w czasopiśmie AEAFA Family Lawyers Journal, wydanie 113, marzec 2022.</li>



<li>Autorka artykułów doktrynalnych opublikowanych w czasopiśmie &#8222;Cuadernos de Derecho transnacional&#8221;, wiodącym czasopiśmie prawniczym w Hiszpanii w dziedzinie prawa prywatnego międzynarodowego:
<ul class="wp-block-list">
<li>&#8222;Określanie wieku obywatela zagranicznego i paszport&#8221;</li>



<li>&#8222;Wyrok rozwodowy w Maroku, uznawanie i rzecz osądzona. Komentarz do postanowienia Sądu Prowincjonalnego w Barcelonie z 1 lipca 2020 roku.&#8221;</li>



<li>&#8222;Krytyczne i praktyczne refleksje na temat ram prawnych zmiany adresu nieletnich krajowo i transgranicznie&#8221;</li>



<li>&#8222;Kompetencje w zmianach dokonywanych przez hiszpańskie sądy w zakresie środków dotyczących alimentów ustalonych przez sądy zagraniczne. Komentarz do postanowienia Sądu Najwyższego Hiszpanii z 17 września 2019 roku.&#8221;</li>



<li>&#8222;Poligamia w Maroku i renta wdowia w Hiszpanii. Sąd Najwyższy i złagodzony porządek publiczny międzynarodowy.&#8221;</li>
</ul>
</li>



<li>Autorka artykułu doktrynalnego „Sprawa 'Green Card&#8217;. Uznanie brytyjskiej rezolucji rodzinnej w Hiszpanii. Międzynarodowe uprowadzenie dzieci: Wielka Brytania, Hiszpania i Stany Zjednoczone Ameryki”, opublikowanego w książce „OCHRONA NIELETNICH I PRAWO MIĘDZYNARODOWE PRYWATNE”.</li>



<li>Prelegentka na XXVI DNIACH PRAWA RODZINNEGO W SEWILLI 2022 AEAFA-ICAS (Sewilla, 6 i 7 października 2022). Wykład: „Umowy przedmałżeńskie: Inteligentny sposób regulacji małżeństwa i rozwodu w globalnym społeczeństwie XXI wieku”. Organizowane przez Hiszpańskie Stowarzyszenie Prawników Rodzinnych (AEAFA) oraz prestiżową Izbę Adwokacką Sewilli.</li>



<li>Współpracująca prawniczka AEAFA (Hiszpańskie Stowarzyszenie Prawników Rodzinnych).</li>



<li>Członkini Sekcji Prawa Rodzinnego Izby Adwokackiej Murcia.</li>



<li>Członkini Sekcji Prawa Międzynarodowego Izby Adwokackiej Murcia.</li>



<li>Członkini Sekcji Prawa Upadłościowego Izby Adwokackiej Murcia. Pierwsza mówczyni tej sekcji w okresie 2014-2017.</li>



<li>Zintegrowana z platformą prawniczą HonorLex (<a href="http://honorlex.com/el-despacho/" target="_blank" rel="noopener">http://honorlex.com/el-despacho/</a>), specjalizującą się w praktyce prawniczej prawa prywatnego międzynarodowego i prawa Unii Europejskiej, składającą się z profesjonalistów, prawników i ekonomistów specjalizujących się w tych dziedzinach prawa.</li>



<li>Członkini Grupy Badawczej Prawa ACCURSIO DIP (<a href="http://www.accursio.com" target="_blank" rel="noopener">www.accursio.com</a>), specjalizującej się w prawie międzynarodowym prywatnym.</li>



<li>Współpracująca prawniczka BSLA (The British Spanish Law Association), stowarzyszenia, które promuje profesjonalne relacje między prawnikami z Wielkiej Brytanii i Hiszpanii, którzy praktykują prawo w obu jurysdykcjach.</li>
</ul>

<p>Pani María José Valverde Martínez jest doświadczonym adwokatem z prestiżowej Izby Adwokackiej Murcia, od 1996 roku. Specjalizuje się w prawie rodzinnym, ochronie nieletnich oraz prawie upadłościowym/komercyjnym. Jest również uznana za ekspertkę w zakresie prawa prywatnego międzynarodowego oraz prawa Unii Europejskiej.</p>
