{"id":883,"date":"2024-03-26T15:44:04","date_gmt":"2024-03-26T14:44:04","guid":{"rendered":"http:\/\/barbeitoabogados.com\/profesional\/maria-jose-valverde\/"},"modified":"2024-04-26T16:44:59","modified_gmt":"2024-04-26T14:44:59","slug":"maria-jose-valverde","status":"publish","type":"profesional","link":"https:\/\/barbeitoabogados.com\/de\/professionell\/maria-jose-valverde\/","title":{"rendered":"Maria Jos\u00e9 Valverde"},"content":{"rendered":"\n<p>Frau Mar\u00eda Jos\u00e9 Valverde Mart\u00ednez ist eine erfahrene Rechtsanw\u00e4ltin des angesehenen Rechtsanwaltskammer von Murcia und \u00fcbt ihren Beruf seit 1996 aus. Sie ist spezialisiert auf Familienrecht, Schutz Minderj\u00e4hriger und Insolvenz-\/Handelsrecht. Des Weiteren ist sie als Expertin f\u00fcr Internationales Privatrecht und Europarecht anerkannt.<\/p>\n\n\n\n<ul class=\"wp-block-list\">\n<li><strong>Sprachen:<\/strong> Spanisch und Englisch<\/li>\n\n\n\n<li><strong>Abschluss in Rechtswissenschaften und Master in Rechtsberatung f\u00fcr Unternehmen<\/strong> &#8211; ENAE Business School<\/li>\n\n\n\n<li><strong>Seit 2008 als Insolvenzverwalterin<\/strong> in zahlreichen Insolvenzverfahren bei den Handelsgerichten in Murcia und Alicante t\u00e4tig.<\/li>\n\n\n\n<li><strong>Nationaler Preis f\u00fcr juristische Artikel \u201eJos\u00e9 Corrales\u201c<\/strong>, 26. Ausgabe (M\u00e4rz 2022), verliehen von der Spanischen Anwaltsvereinigung f\u00fcr Familienrecht (AEAFA), f\u00fcr ihre Arbeit \u201eVoreheliche Vereinbarungen: Zwischen dem Zivilgesetzbuch und dem Obersten Gerichtshof\u201c. Ver\u00f6ffentlicht in der Fachzeitschrift Abogados de Familia der AEAFA, Ausgabe Nr. 113, M\u00e4rz 2022.<\/li>\n\n\n\n<li><strong>Autorin von Fachartikeln<\/strong> in der Zeitschrift \u201eCuadernos de Derecho transnacional\u201c, der f\u00fchrenden juristischen Zeitschrift Spaniens im Bereich des internationalen Privatrechts, u.a.:\n<ul class=\"wp-block-list\">\n<li>\u201eBestimmung des Alters von ausl\u00e4ndischen B\u00fcrgern und Pass\u201c<\/li>\n\n\n\n<li>\u201eMarokkanisches Scheidungsurteil, Anerkennung und Rechtskraft. Kommentar zum Beschluss des Provinzgerichts Barcelona vom 1. Juli 2020\u201c<\/li>\n\n\n\n<li>\u201eKritische und praktische \u00dcberlegungen zum rechtlichen Rahmen der nationalen und grenz\u00fcberschreitenden \u00c4nderung des Wohnsitzes Minderj\u00e4hriger\u201c<\/li>\n\n\n\n<li>\u201eZust\u00e4ndigkeit bei der Ab\u00e4nderung durch spanische Gerichte von von ausl\u00e4ndischen Gerichten festgesetzten Unterhaltsma\u00dfnahmen. Kommentar zum Beschluss des Spanischen Obersten Gerichtshofs vom 17. September 2019\u201c<\/li>\n\n\n\n<li>\u201ePolygamie in Marokko und Witwenrente in Spanien. Der Oberste Gerichtshof und die abgemilderte internationale \u00f6ffentliche Ordnung\u201c<\/li>\n<\/ul>\n<\/li>\n\n\n\n<li><strong>Autorin des Fachartikels<\/strong> \u201eDer &#8218;Green Card&#8216;-Fall. Anerkennung einer britischen Familienentscheidung in Spanien. Internationale Kindesentf\u00fchrung: Vereinigtes K\u00f6nigreich, Spanien und USA\u201c, ver\u00f6ffentlicht in dem Buch \u201eSCHUTZ MINDERJ\u00c4HRIGER UND INTERNATIONALES PRIVATRECHT\u201c.<\/li>\n\n\n\n<li><strong>Referentin bei den XXVI. JURISTISCHEN FAMILIENRECHTSTAGEN SEVILLA 2022<\/strong> der AEAFA-ICAS (Sevilla, 6. und 7. Oktober 2022). Vortrag: \u201eVoreheliche Vereinbarungen: Eine kluge Art, Ehe und Scheidung in der globalen Gesellschaft des 21. Jahrhunderts zu regeln\u201c. Veranstaltet von der Spanischen Anwaltsvereinigung f\u00fcr Familienrecht (AEAFA) und dem renommierten Anwaltskollegium von Sevilla.<\/li>\n\n\n\n<li><strong>Assoziierte Anw\u00e4ltin<\/strong> der AEAFA (Spanische Anwaltsvereinigung f\u00fcr Familienrecht).<\/li>\n\n\n\n<li><strong>Mitglied<\/strong> der Sektion f\u00fcr Familienrecht des Rechtsanwaltskollegiums von Murcia.<\/li>\n\n\n\n<li><strong>Mitglied<\/strong> der Sektion f\u00fcr Internationales Recht des Rechtsanwaltskollegiums von Murcia.<\/li>\n\n\n\n<li><strong>Mitglied<\/strong> der Sektion f\u00fcr Insolvenzrecht des Rechtsanwaltskollegiums von Murcia. Erste Sprecherin dieser Sektion w\u00e4hrend des Zeitraums 2014-2017.<\/li>\n\n\n\n<li><strong>Mitglied<\/strong> der Plattform HonorLex (<a href=\"http:\/\/honorlex.com\/el-despacho\/\" target=\"_blank\" rel=\"noopener\">http:\/\/honorlex.com\/el-despacho\/<\/a>), spezialisiert auf die professionelle Praxis des internationalen Privatrechts und des Europarechts, bestehend aus Fachleuten, Juristen und \u00d6konomen, die in diesen Rechtsbereichen spezialisiert sind.<\/li>\n\n\n\n<li><strong>Mitglied<\/strong> der juristischen Forschungsgruppe ACCURSIO DIP (<a href=\"http:\/\/www.accursio.com\/\" target=\"_blank\" rel=\"noopener\">www.accursio.com<\/a>), spezialisiert auf Internationales Privatrecht.<\/li>\n\n\n\n<li><strong>Assoziierte Anw\u00e4ltin<\/strong> der BSLA (The British Spanish Law Association), einer Vereinigung, die die professionelle Beziehung zwischen Anw\u00e4lten aus dem Vereinigten K\u00f6nigreich und Spanien f\u00f6rdert, die in beiden Jurisdiktionen t\u00e4tig sind.<\/li>\n<\/ul>\n","protected":false},"excerpt":{"rendered":"<p>Frau Mar\u00eda Jos\u00e9 Valverde Mart\u00ednez ist eine erfahrene Rechtsanw\u00e4ltin des angesehenen Rechtsanwaltskammer von Murcia und \u00fcbt ihren Beruf seit 1996 aus. Sie ist spezialisiert auf Familienrecht, Schutz Minderj\u00e4hriger und Insolvenz-\/Handelsrecht. Des Weiteren ist sie als Expertin f\u00fcr Internationales Privatrecht und Europarecht anerkannt.<\/p>\n","protected":false},"featured_media":684,"template":"","format":"standard","class_list":["post-883","profesional","type-profesional","status-publish","format-standard","has-post-thumbnail","hentry"],"_links":{"self":[{"href":"https:\/\/barbeitoabogados.com\/de\/wp-json\/wp\/v2\/profesional\/883","targetHints":{"allow":["GET"]}}],"collection":[{"href":"https:\/\/barbeitoabogados.com\/de\/wp-json\/wp\/v2\/profesional"}],"about":[{"href":"https:\/\/barbeitoabogados.com\/de\/wp-json\/wp\/v2\/types\/profesional"}],"wp:featuredmedia":[{"embeddable":true,"href":"https:\/\/barbeitoabogados.com\/de\/wp-json\/wp\/v2\/media\/684"}],"wp:attachment":[{"href":"https:\/\/barbeitoabogados.com\/de\/wp-json\/wp\/v2\/media?parent=883"}],"curies":[{"name":"wp","href":"https:\/\/api.w.org\/{rel}","templated":true}]}}

Maria José Valverde

<p>Frau María José Valverde Martínez ist eine erfahrene Rechtsanwältin des angesehenen Rechtsanwaltskammer von Murcia und übt ihren Beruf seit 1996 aus. Sie ist spezialisiert auf Familienrecht, Schutz Minderjähriger und Insolvenz-/Handelsrecht. Des Weiteren ist sie als Expertin für Internationales Privatrecht und Europarecht anerkannt.</p>



<ul class="wp-block-list">
<li><strong>Sprachen:</strong> Spanisch und Englisch</li>



<li><strong>Abschluss in Rechtswissenschaften und Master in Rechtsberatung für Unternehmen</strong> &#8211; ENAE Business School</li>



<li><strong>Seit 2008 als Insolvenzverwalterin</strong> in zahlreichen Insolvenzverfahren bei den Handelsgerichten in Murcia und Alicante tätig.</li>



<li><strong>Nationaler Preis für juristische Artikel „José Corrales“</strong>, 26. Ausgabe (März 2022), verliehen von der Spanischen Anwaltsvereinigung für Familienrecht (AEAFA), für ihre Arbeit „Voreheliche Vereinbarungen: Zwischen dem Zivilgesetzbuch und dem Obersten Gerichtshof“. Veröffentlicht in der Fachzeitschrift Abogados de Familia der AEAFA, Ausgabe Nr. 113, März 2022.</li>



<li><strong>Autorin von Fachartikeln</strong> in der Zeitschrift „Cuadernos de Derecho transnacional“, der führenden juristischen Zeitschrift Spaniens im Bereich des internationalen Privatrechts, u.a.:
<ul class="wp-block-list">
<li>„Bestimmung des Alters von ausländischen Bürgern und Pass“</li>



<li>„Marokkanisches Scheidungsurteil, Anerkennung und Rechtskraft. Kommentar zum Beschluss des Provinzgerichts Barcelona vom 1. Juli 2020“</li>



<li>„Kritische und praktische Überlegungen zum rechtlichen Rahmen der nationalen und grenzüberschreitenden Änderung des Wohnsitzes Minderjähriger“</li>



<li>„Zuständigkeit bei der Abänderung durch spanische Gerichte von von ausländischen Gerichten festgesetzten Unterhaltsmaßnahmen. Kommentar zum Beschluss des Spanischen Obersten Gerichtshofs vom 17. September 2019“</li>



<li>„Polygamie in Marokko und Witwenrente in Spanien. Der Oberste Gerichtshof und die abgemilderte internationale öffentliche Ordnung“</li>
</ul>
</li>



<li><strong>Autorin des Fachartikels</strong> „Der &#8218;Green Card&#8216;-Fall. Anerkennung einer britischen Familienentscheidung in Spanien. Internationale Kindesentführung: Vereinigtes Königreich, Spanien und USA“, veröffentlicht in dem Buch „SCHUTZ MINDERJÄHRIGER UND INTERNATIONALES PRIVATRECHT“.</li>



<li><strong>Referentin bei den XXVI. JURISTISCHEN FAMILIENRECHTSTAGEN SEVILLA 2022</strong> der AEAFA-ICAS (Sevilla, 6. und 7. Oktober 2022). Vortrag: „Voreheliche Vereinbarungen: Eine kluge Art, Ehe und Scheidung in der globalen Gesellschaft des 21. Jahrhunderts zu regeln“. Veranstaltet von der Spanischen Anwaltsvereinigung für Familienrecht (AEAFA) und dem renommierten Anwaltskollegium von Sevilla.</li>



<li><strong>Assoziierte Anwältin</strong> der AEAFA (Spanische Anwaltsvereinigung für Familienrecht).</li>



<li><strong>Mitglied</strong> der Sektion für Familienrecht des Rechtsanwaltskollegiums von Murcia.</li>



<li><strong>Mitglied</strong> der Sektion für Internationales Recht des Rechtsanwaltskollegiums von Murcia.</li>



<li><strong>Mitglied</strong> der Sektion für Insolvenzrecht des Rechtsanwaltskollegiums von Murcia. Erste Sprecherin dieser Sektion während des Zeitraums 2014-2017.</li>



<li><strong>Mitglied</strong> der Plattform HonorLex (<a href="http://honorlex.com/el-despacho/" target="_blank" rel="noopener">http://honorlex.com/el-despacho/</a>), spezialisiert auf die professionelle Praxis des internationalen Privatrechts und des Europarechts, bestehend aus Fachleuten, Juristen und Ökonomen, die in diesen Rechtsbereichen spezialisiert sind.</li>



<li><strong>Mitglied</strong> der juristischen Forschungsgruppe ACCURSIO DIP (<a href="http://www.accursio.com/" target="_blank" rel="noopener">www.accursio.com</a>), spezialisiert auf Internationales Privatrecht.</li>



<li><strong>Assoziierte Anwältin</strong> der BSLA (The British Spanish Law Association), einer Vereinigung, die die professionelle Beziehung zwischen Anwälten aus dem Vereinigten Königreich und Spanien fördert, die in beiden Jurisdiktionen tätig sind.</li>
</ul>

<p>Frau María José Valverde Martínez ist eine erfahrene Rechtsanwältin des angesehenen Rechtsanwaltskammer von Murcia und übt ihren Beruf seit 1996 aus. Sie ist spezialisiert auf Familienrecht, Schutz Minderjähriger und Insolvenz-/Handelsrecht. Des Weiteren ist sie als Expertin für Internationales Privatrecht und Europarecht anerkannt.</p>
